{"id":9495,"date":"2025-09-12T08:57:44","date_gmt":"2025-09-12T11:57:44","guid":{"rendered":"http:\/\/10.6.206.88\/portal\/?page_id=9495"},"modified":"2025-11-28T08:30:46","modified_gmt":"2025-11-28T11:30:46","slug":"proce-int","status":"publish","type":"page","link":"https:\/\/www.hbvaldivia.cl\/portal\/index.php\/proce-int\/","title":{"rendered":""},"content":{"rendered":"\t\t<div data-elementor-type=\"wp-page\" data-elementor-id=\"9495\" class=\"elementor elementor-9495\">\n\t\t\t\t\t\t<section class=\"elementor-section elementor-top-section elementor-element elementor-element-c166e18 elementor-section-boxed elementor-section-height-default elementor-section-height-default\" data-id=\"c166e18\" data-element_type=\"section\">\n\t\t\t\t\t\t<div class=\"elementor-container elementor-column-gap-default\">\n\t\t\t\t\t<div class=\"elementor-column elementor-col-100 elementor-top-column elementor-element elementor-element-fc0f449\" data-id=\"fc0f449\" data-element_type=\"column\">\n\t\t\t<div class=\"elementor-widget-wrap elementor-element-populated\">\n\t\t\t\t\t\t<div class=\"elementor-element elementor-element-a354e7b elementor-widget elementor-widget-html\" data-id=\"a354e7b\" data-element_type=\"widget\" data-widget_type=\"html.default\">\n\t\t\t\t<div class=\"elementor-widget-container\">\n\t\t\t\t\t<div class=\"container my-4\">\r\n  <h2 class=\"text-primary fw-bold\">\r\n    <i class=\"bi bi-building-lock me-2\"><\/i> Proceso de Selecci\u00f3n Interno\r\n  <\/h2>\r\n  <p class=\"text-muted\">\r\n    Esta secci\u00f3n est\u00e1 destinada para procesos de selecci\u00f3n interno local, es decir aquellos postulantes que se encuentran desempe\u00f1ando funciones en el Hospital base de Valdivia o procesos de selecci\u00f3n interno a la red del servicio de salud los r\u00edos, postulantes que se encuentren desempe\u00f1ando funciones en alguna instituci\u00f3n que dependa del SSLR.\r\n  <\/p>\r\n<\/div>\t\t\t\t<\/div>\n\t\t\t\t<\/div>\n\t\t\t\t<section class=\"elementor-section elementor-inner-section elementor-element elementor-element-0f060c7 elementor-section-boxed elementor-section-height-default elementor-section-height-default\" data-id=\"0f060c7\" data-element_type=\"section\">\n\t\t\t\t\t\t<div class=\"elementor-container elementor-column-gap-default\">\n\t\t\t\t\t<div class=\"elementor-column elementor-col-50 elementor-inner-column elementor-element elementor-element-a589d4c\" data-id=\"a589d4c\" data-element_type=\"column\">\n\t\t\t<div class=\"elementor-widget-wrap elementor-element-populated\">\n\t\t\t\t\t\t<div class=\"elementor-element elementor-element-2b23c62 elementor-widget elementor-widget-text-editor\" data-id=\"2b23c62\" data-element_type=\"widget\" data-widget_type=\"text-editor.default\">\n\t\t\t\t<div class=\"elementor-widget-container\">\n\t\t\t\t\t\t\t\t\t<div style=\"display: grid; grid-template-columns: repeat(auto-fit, minmax(300px, 1fr)); gap: 20px;\">\n<div style=\"border: 1px solid #ddd; border-radius: 10px; background: #fff; box-shadow: 0 2px 6px rgba(0,0,0,0.1); overflow: hidden; display: flex; flex-direction: column; justify-content: space-between;\">\n<div style=\"background: #f8f9fa; padding: 10px; font-size: 14px; color: #28a745; font-weight: bold;\">\u25cf Postulaci\u00f3n hasta 20\/10\/2025<\/div>\n<div style=\"padding: 15px; flex-grow: 1;\">\n<h3 style=\"color: #0056b3; font-size: 18px; margin: 0px 0px 10px; text-align: justify;\">PROCESO DE SELECCI\u00d3N INTERNO LOCAL AUXILIAR DE UNIDAD DE LAVANDER\u00cdA DEL HOSPITAL BASE VALDIVIA<\/h3>\n<p style=\"margin: 0; font-size: 14px;\"><strong>Hospital:<\/strong> Hospital Base Valdivia<\/p>\n<p style=\"margin: 0; font-size: 14px;\"><strong>Ministerio:<\/strong> Ministerio de Salud<\/p>\n<p style=\"margin: 0; font-size: 14px;\"><strong>Ubicaci\u00f3n:<\/strong> Valdivia<\/p>\n<p style=\"margin: 0; font-size: 14px; color: #dc3545;\"><strong>Calidad Jur\u00eddica:<\/strong> Contrata, Grado 24 EUS<\/p>\n<hr style=\"margin: 10px 0;\" \/>\n<p style=\"margin: 0; font-size: 14px;\"><strong>Consultas:<\/strong><br \/>\n<a style=\"color: #0056b3; text-decoration: none;\" href=\"mailto:seleccionhbv@redsalud.gob.cl\">seleccionhbv@redsalud.gob.cl<\/a><\/p>\n<p style=\"margin: 0; font-size: 14px;\">Las personas interesadas en postular, deber\u00e1n hacerlo <strong>\u00fanicamente<\/strong> a trav\u00e9s de formulario de Google, respondiendo todas las preguntas y adjuntando los documentos solicitados.<\/p>\n<p>&nbsp;<\/p>\n<p style=\"margin: 10px 0 0; text-align: center;\"><a style=\"background: #0056b3; color: #fff; padding: 8px 12px; border-radius: 5px; text-decoration: none;\" href=\"https:\/\/forms.gle\/i3pjuHmiH8hP8VeE7\" target=\"_blank\" rel=\"noopener\">Postula Aqu\u00ed !<\/a><\/p>\n<p style=\"margin: 15px 0 0; text-align: center;\"><a style=\"display: block; margin-bottom: 5px; color: #0056b3; font-weight: bold; text-decoration: none;\" href=\"https:\/\/www.hbvaldivia.cl\/portal\/wp-content\/uploads\/2025\/10\/BASES-PS-AUXILIAR-DE-UNIDAD-DE-LAVANDERIA.pdf\" target=\"_blank\" rel=\"noopener\">\ud83d\udcc4 Bases del Proceso<\/a><\/p>\n<p style=\"text-align: center;\"><a href=\"https:\/\/www.hbvaldivia.cl\/portal\/wp-content\/uploads\/2025\/11\/RESULTADOS-AUXILIAR-LAVANDERIA.pdf\">RESULTADOS<\/a><\/p>\n<div style=\"padding: 5px; text-align: center; font-weight: bold; color: #28a745; border-top: 1px solid #ddd;\"><a href=\"#\"> \ud83d\udd34 Finalizada <\/a><\/div>\n<\/div>\n<\/div>\n<\/div>\n<p><!-- Para otros estados podr\u00edas usar \ud83d\udfe2 Postulaci\u00f3n \ud83d\udfe1 En Evaluaci\u00f3n \ud83d\udd34 Finalizadas --><\/p>\t\t\t\t\t\t\t\t<\/div>\n\t\t\t\t<\/div>\n\t\t\t\t<div class=\"elementor-element elementor-element-2f465a5 elementor-widget elementor-widget-text-editor\" data-id=\"2f465a5\" data-element_type=\"widget\" data-widget_type=\"text-editor.default\">\n\t\t\t\t<div class=\"elementor-widget-container\">\n\t\t\t\t\t\t\t\t\t<div style=\"display: grid; grid-template-columns: repeat(auto-fit, minmax(300px, 1fr)); gap: 20px;\">\n<div style=\"border: 1px solid #ddd; border-radius: 10px; background: #fff; box-shadow: 0 2px 6px rgba(0,0,0,0.1); overflow: hidden; display: flex; flex-direction: column; justify-content: space-between;\">\n<div style=\"background: #f8f9fa; padding: 10px; font-size: 14px; color: #28a745; font-weight: bold;\">\u25cf Postulaci\u00f3n hasta 05\/10\/2025<\/div>\n<div style=\"padding: 15px; flex-grow: 1;\">\n<h3 style=\"color: #0056b3; font-size: 18px; margin: 0 0 10px;\"><a class=\"elementor-accordion-title\" tabindex=\"0\"> PROCESO DE SELECCI\u00d3N INTERNO A LA RED DEL SSLR, TERAPEUTA OCUPACIONAL POLICL\u00cdNICO SERVICIO DE PSIQUIATR\u00cdA INFANTO-JUVENILDEL HOSPITAL BASE VALDIVIA<\/a><\/h3>\n<p style=\"margin: 0; font-size: 14px;\"><strong>Hospital:<\/strong> Hospital Base Valdivia<\/p>\n<p style=\"margin: 0; font-size: 14px;\"><strong>Ministerio:<\/strong> Ministerio de Salud<\/p>\n<p style=\"margin: 0; font-size: 14px;\"><strong>Ubicaci\u00f3n:<\/strong> Valdivia<\/p>\n<p style=\"margin: 0; font-size: 14px; color: #dc3545;\"><strong>Calidad Jur\u00eddica:<\/strong> Contrata, Grado 13 EUS<\/p>\n<hr style=\"margin: 10px 0;\" \/>\n<p style=\"margin: 0; font-size: 14px;\"><strong>Consultas:<\/strong><br \/>\n<a style=\"color: #0056b3; text-decoration: none;\" href=\"mailto:seleccionhbv@redsalud.gob.cl\">seleccionhbv@redsalud.gob.cl<\/a><\/p>\n<p style=\"margin: 0; font-size: 14px;\">Las personas interesadas en postular, deber\u00e1n hacerlo <strong>\u00fanicamente<\/strong> a trav\u00e9s de formulario de Google, respondiendo todas las preguntas y adjuntando los documentos solicitados.<\/p>\n<p>&nbsp;<\/p>\n<p style=\"margin: 10px 0 0; text-align: center;\"><a style=\"background: #0056b3; color: #fff; padding: 8px 12px; border-radius: 5px; text-decoration: none;\" href=\"https:\/\/forms.gle\/ywrN1wFs88UDrDHx6\" target=\"_blank\" rel=\"noopener\">Postula Aqu\u00ed !<\/a><\/p>\n<p style=\"margin: 15px 0 0; text-align: center;\"><a style=\"display: block; margin-bottom: 5px; color: #0056b3; font-weight: bold; text-decoration: none;\" href=\"https:\/\/www.hbvaldivia.cl\/portal\/wp-content\/uploads\/2025\/09\/BASES-PROCESO-TERAPEUTA-OCUPACIONAL-POLICLINICO-SERVICIO-PSIQUIATRIA-INFANTO-JUVENIL.pdf\" target=\"_blank\" rel=\"noopener\">\ud83d\udcc4 Bases del Proceso<\/a><\/p>\n<p style=\"text-align: center;\"><a href=\"https:\/\/www.hbvaldivia.cl\/portal\/wp-content\/uploads\/2025\/10\/RESULTADOS-TO-PSIQUIATRIA.pdf\">RESULTADOS<\/a><\/p>\n<div style=\"padding: 5px; text-align: center; font-weight: bold; color: #28a745; border-top: 1px solid #ddd;\"><a href=\"#\"> \ud83d\udd34 Finalizada <\/a><\/div>\n<\/div>\n<\/div>\n<\/div>\n<p><!-- Para otros estados podr\u00edas usar \ud83d\udfe2 Postulaci\u00f3n \ud83d\udfe1 En Evaluaci\u00f3n \ud83d\udd34 Finalizadas --><\/p>\t\t\t\t\t\t\t\t<\/div>\n\t\t\t\t<\/div>\n\t\t\t\t<div class=\"elementor-element elementor-element-54f592e elementor-widget elementor-widget-text-editor\" data-id=\"54f592e\" data-element_type=\"widget\" data-widget_type=\"text-editor.default\">\n\t\t\t\t<div class=\"elementor-widget-container\">\n\t\t\t\t\t\t\t\t\t<div style=\"display: grid; grid-template-columns: repeat(auto-fit, minmax(300px, 1fr)); gap: 20px;\">\n<div style=\"border: 1px solid #ddd; border-radius: 10px; background: #fff; box-shadow: 0 2px 6px rgba(0,0,0,0.1); overflow: hidden; display: flex; flex-direction: column; justify-content: space-between;\">\n<div style=\"background: #f8f9fa; padding: 10px; font-size: 14px; color: #28a745; font-weight: bold;\">\u25cf Postulaci\u00f3n hasta 03\/08\/2025<\/div>\n<div style=\"padding: 15px; flex-grow: 1;\">\n<h3 style=\"color: #0056b3; font-size: 18px; margin: 0 0 10px;\"><a class=\"elementor-accordion-title\" tabindex=\"0\"> PROCESO DE SELECCI\u00d3N INTERNO LOCAL ENFERMERO\/A GESTOR DE CASOS ONCOLOGICOS HOSPITAL BASE VALDIVIA <\/a><\/h3>\n<p style=\"margin: 0; font-size: 14px;\"><strong>Hospital:<\/strong> Hospital Base Valdivia<\/p>\n<p style=\"margin: 0; font-size: 14px;\"><strong>Ministerio:<\/strong> Ministerio de Salud<\/p>\n<p style=\"margin: 0; font-size: 14px;\"><strong>Ubicaci\u00f3n:<\/strong> Valdivia<\/p>\n<p style=\"margin: 0; font-size: 14px; color: #dc3545;\"><strong>Calidad Jur\u00eddica:<\/strong> Contrata, Grado 15 EUS<\/p>\n<hr style=\"margin: 10px 0;\" \/>\n<p style=\"margin: 0; font-size: 14px;\"><strong>Consultas:<\/strong><br \/>\n<a style=\"color: #0056b3; text-decoration: none;\" href=\"mailto:seleccionhbv@redsalud.gob.cl\">seleccionhbv@redsalud.gob.cl<\/a><\/p>\n<p style=\"margin: 0; font-size: 14px;\">Las personas interesadas en postular, deber\u00e1n hacerlo <strong>\u00fanicamente<\/strong> a trav\u00e9s de formulario de Google, respondiendo todas las preguntas y adjuntando los documentos solicitados.<\/p>\n<p>&nbsp;<\/p>\n<p style=\"margin: 10px 0 0; text-align: center;\"><a style=\"background: #0056b3; color: #fff; padding: 8px 12px; border-radius: 5px; text-decoration: none;\" href=\"https:\/\/docs.google.com\/forms\/d\/1juK0WjxSGfGUdIlXPLpbqHVGaHUT6jCK8HrP0y0rnxk\/edit\" target=\"_blank\" rel=\"noopener\">Postula Aqu\u00ed !<\/a><\/p>\n<p style=\"margin: 15px 0 0; text-align: center;\"><a style=\"display: block; margin-bottom: 5px; color: #0056b3; font-weight: bold; text-decoration: none;\" href=\"https:\/\/www.hbvaldivia.cl\/portal\/wp-content\/uploads\/2025\/09\/BASES-PS-EU-GESTORA-CASOS-ONCOLOGICOS.pdf\" target=\"_blank\">\ud83d\udcc4 Bases del Proceso<\/a><\/p>\n<p style=\"text-align: center;\"><a href=\"https:\/\/www.hbvaldivia.cl\/portal\/wp-content\/uploads\/2025\/09\/RES.-MODIFICATORIA.pdf\" target=\"_blank\">RES. MODIFICATORIA<\/a><\/p>\n<p style=\"text-align: center;\"><a href=\"https:\/\/www.hbvaldivia.cl\/portal\/wp-content\/uploads\/2025\/09\/RESULTADOSdf.pdf\" target=\"_blank\">RESULTADOS<\/a><\/p>\n<div style=\"padding: 5px; text-align: center; font-weight: bold; color: #28a745; border-top: 1px solid #ddd;\"><a href=\"#\"> \ud83d\udd34 Finalizada <\/a><\/div>\n<\/div>\n<\/div>\n<\/div>\n<!-- Para otros estados podr\u00edas usar \n\ud83d\udfe2 Postulaci\u00f3n\n\ud83d\udfe1 En Evaluaci\u00f3n\n\ud83d\udd34 Finalizadas -->\t\t\t\t\t\t\t\t<\/div>\n\t\t\t\t<\/div>\n\t\t\t\t\t<\/div>\n\t\t<\/div>\n\t\t\t\t<div class=\"elementor-column elementor-col-50 elementor-inner-column elementor-element elementor-element-40e1475\" data-id=\"40e1475\" data-element_type=\"column\">\n\t\t\t<div class=\"elementor-widget-wrap elementor-element-populated\">\n\t\t\t\t\t\t<div class=\"elementor-element elementor-element-95d1a48 elementor-widget elementor-widget-text-editor\" data-id=\"95d1a48\" data-element_type=\"widget\" data-widget_type=\"text-editor.default\">\n\t\t\t\t<div class=\"elementor-widget-container\">\n\t\t\t\t\t\t\t\t\t<div style=\"display: grid; grid-template-columns: repeat(auto-fit, minmax(300px, 1fr)); gap: 20px;\">\n<div style=\"border: 1px solid #ddd; border-radius: 10px; background: #fff; box-shadow: 0 2px 6px rgba(0,0,0,0.1); overflow: hidden; display: flex; flex-direction: column; justify-content: space-between;\">\n<div style=\"background: #f8f9fa; padding: 10px; font-size: 14px; color: #28a745; font-weight: bold;\">\u25cf Postulaci\u00f3n hasta 05\/10\/2025<\/div>\n<div style=\"padding: 15px; flex-grow: 1;\">\n<h3 style=\"color: #0056b3; font-size: 18px; margin: 0 0 10px;\"><a class=\"elementor-accordion-title\" tabindex=\"0\"> PROCESO DE SELECCI\u00d3N INTERNO A LA RED DEL SSLR, PSIC\u00d3LOGO (A) CL\u00cdNICO (A) POLICL\u00cdNICO SERVICIO DE PSIQUIATR\u00cdA INFANTO-JUVENILDEL HOSPITAL BASE VALDIVIA<\/a><\/h3>\n<p style=\"margin: 0; font-size: 14px;\"><strong>Hospital:<\/strong> Hospital Base Valdivia<\/p>\n<p style=\"margin: 0; font-size: 14px;\"><strong>Ministerio:<\/strong> Ministerio de Salud<\/p>\n<p style=\"margin: 0; font-size: 14px;\"><strong>Ubicaci\u00f3n:<\/strong> Valdivia<\/p>\n<p style=\"margin: 0; font-size: 14px; color: #dc3545;\"><strong>Calidad Jur\u00eddica:<\/strong> Contrata, Grado 13 EUS<\/p>\n<hr style=\"margin: 10px 0;\" \/>\n<p style=\"margin: 0; font-size: 14px;\"><strong>Consultas:<\/strong><br \/>\n<a style=\"color: #0056b3; text-decoration: none;\" href=\"mailto:seleccionhbv@redsalud.gob.cl\">seleccionhbv@redsalud.gob.cl<\/a><\/p>\n<p style=\"margin: 0; font-size: 14px;\">Las personas interesadas en postular, deber\u00e1n hacerlo <strong>\u00fanicamente<\/strong> a trav\u00e9s de formulario de Google, respondiendo todas las preguntas y adjuntando los documentos solicitados.<\/p>\n<p>&nbsp;<\/p>\n<p style=\"margin: 10px 0 0; text-align: center;\"><a style=\"background: #0056b3; color: #fff; padding: 8px 12px; border-radius: 5px; text-decoration: none;\" href=\"https:\/\/forms.gle\/rY8TZ4jzNUUKNpDs5\" target=\"_blank\" rel=\"noopener\">Postula Aqu\u00ed !<\/a><\/p>\n<p style=\"margin: 15px 0 0; text-align: center;\"><a style=\"display: block; margin-bottom: 5px; color: #0056b3; font-weight: bold; text-decoration: none;\" href=\"https:\/\/www.hbvaldivia.cl\/portal\/wp-content\/uploads\/2025\/09\/BASES-PROCESO-PSICOLOGO-POLICLINICO-SERVICIO-DE-PSIQUIATRIA-INFANTO-JUVENIL.pdf\" target=\"_blank\" rel=\"noopener\">\ud83d\udcc4 Bases del Proceso<\/a><\/p>\n<p style=\"text-align: center;\"><a href=\"https:\/\/www.hbvaldivia.cl\/portal\/wp-content\/uploads\/2025\/10\/RESULTADOS-PS-POLI-PSIQUIATRIA.pdf\">RESULTADOS<\/a><\/p>\n<div style=\"padding: 5px; text-align: center; font-weight: bold; color: #28a745; border-top: 1px solid #ddd;\"><a href=\"#\"> \ud83d\udd34 Finalizada <\/a><\/div>\n<\/div>\n<\/div>\n<\/div>\n<p><!-- Para otros estados podr\u00edas usar \ud83d\udfe2 Postulaci\u00f3n \ud83d\udfe1 En Evaluaci\u00f3n \ud83d\udd34 Finalizadas --><\/p>\t\t\t\t\t\t\t\t<\/div>\n\t\t\t\t<\/div>\n\t\t\t\t<div class=\"elementor-element elementor-element-f64726c elementor-widget elementor-widget-text-editor\" data-id=\"f64726c\" data-element_type=\"widget\" data-widget_type=\"text-editor.default\">\n\t\t\t\t<div class=\"elementor-widget-container\">\n\t\t\t\t\t\t\t\t\t<div style=\"display: grid; grid-template-columns: repeat(auto-fit, minmax(300px, 1fr)); gap: 20px;\">\n<div style=\"border: 1px solid #ddd; border-radius: 10px; background: #fff; box-shadow: 0 2px 6px rgba(0,0,0,0.1); overflow: hidden; display: flex; flex-direction: column; justify-content: space-between;\">\n<div style=\"background: #f8f9fa; padding: 10px; font-size: 14px; color: #28a745; font-weight: bold;\">\u25cf Postulaci\u00f3n hasta 30\/07\/2025<\/div>\n<div style=\"padding: 15px; flex-grow: 1;\">\n<h3 style=\"color: #0056b3; font-size: 18px; margin: 0 0 10px;\"><a class=\"elementor-accordion-title\" tabindex=\"0\"> PROCESO DE SELECCI\u00d3N INTERNO LOCAL ENFERMERO\/A UNIDAD GESTI\u00d3N PREQUIR\u00daRGICA HOSPITAL BASE VALDIVIA <\/a><\/h3>\n<p style=\"margin: 0; font-size: 14px;\"><strong>Hospital:<\/strong> Hospital Base Valdivia<\/p>\n<p style=\"margin: 0; font-size: 14px;\"><strong>Ministerio:<\/strong> Ministerio de Salud<\/p>\n<p style=\"margin: 0; font-size: 14px;\"><strong>Ubicaci\u00f3n:<\/strong> Valdivia<\/p>\n<p style=\"margin: 0; font-size: 14px; color: #dc3545;\"><strong>Calidad Jur\u00eddica:<\/strong> Contrata, Grado 15 EUS<\/p>\n<hr style=\"margin: 10px 0;\" \/>\n<p style=\"margin: 0; font-size: 14px;\"><strong>Consultas:<\/strong><br \/><a style=\"color: #0056b3; text-decoration: none;\" href=\"mailto:seleccionhbv@redsalud.gob.cl\">seleccionhbv@redsalud.gob.cl<\/a><\/p>\n<p style=\"margin: 0; font-size: 14px;\">Las personas interesadas en postular, deber\u00e1n hacerlo <strong>\u00fanicamente<\/strong> a trav\u00e9s de formulario de Google, respondiendo todas las preguntas y adjuntando los documentos solicitados.<\/p>\n<p>\u00a0<\/p>\n<p style=\"margin: 10px 0 0; text-align: center;\"><a style=\"background: #0056b3; color: #fff; padding: 8px 12px; border-radius: 5px; text-decoration: none;\" href=\"https:\/\/forms.gle\/UJAJq8V291BTbNby7\" target=\"_blank\" rel=\"noopener\">Postula Aqu\u00ed !<\/a><\/p>\n<p style=\"margin: 15px 0 0; text-align: center;\"><a style=\"display: block; margin-bottom: 5px; color: #0056b3; font-weight: bold; text-decoration: none;\" href=\"https:\/\/www.hbvaldivia.cl\/portal\/wp-content\/uploads\/2025\/07\/BASES-PS-EU-UNIDAD-GESTION-PREQUIRURGICA.pdf\">\ud83d\udcc4 Bases del Proceso<\/a><\/p>\n<p style=\"text-align: center;\"><a href=\"http:\/\/10.6.206.88\/portal\/wp-content\/uploads\/2025\/10\/RESULTADOS.pdf\">RESULTADOS<\/a><\/p>\n<div style=\"padding: 5px; text-align: center; font-weight: bold; color: #28a745; border-top: 1px solid #ddd;\"><a href=\"https:\/\/www.hbvaldivia.cl\/portal\/wp-content\/uploads\/2025\/08\/RESULTADOS-1.pdf\" target=\"_blank\" rel=\"noopener\"> \ud83d\udd34 Finalizada <\/a><\/div>\n<\/div>\n<\/div>\n<\/div>\n<!-- Para otros estados podr\u00edas usar \n\ud83d\udfe2 Postulaci\u00f3n\n\ud83d\udfe1 En Evaluaci\u00f3n\n\ud83d\udd34 Finalizadas -->\t\t\t\t\t\t\t\t<\/div>\n\t\t\t\t<\/div>\n\t\t\t\t\t<\/div>\n\t\t<\/div>\n\t\t\t\t\t<\/div>\n\t\t<\/section>\n\t\t\t\t\t<\/div>\n\t\t<\/div>\n\t\t\t\t\t<\/div>\n\t\t<\/section>\n\t\t\t\t<\/div>\n\t\t","protected":false},"excerpt":{"rendered":"<p>Proceso de Selecci\u00f3n Interno Esta secci\u00f3n est\u00e1 destinada para procesos de selecci\u00f3n interno local, es decir aquellos postulantes que se encuentran desempe\u00f1ando funciones en el Hospital base de Valdivia o procesos de selecci\u00f3n interno a la red del servicio de salud los r\u00edos, postulantes que se encuentren desempe\u00f1ando funciones en alguna instituci\u00f3n que dependa del [&hellip;]<\/p>\n","protected":false},"author":10,"featured_media":0,"parent":0,"menu_order":0,"comment_status":"closed","ping_status":"closed","template":"","meta":{"_acf_changed":false,"_uag_custom_page_level_css":"","footnotes":""},"class_list":["post-9495","page","type-page","status-publish","hentry"],"acf":[],"uagb_featured_image_src":{"full":false,"thumbnail":false,"medium":false,"medium_large":false,"large":false,"1536x1536":false,"2048x2048":false,"list_articles_thumbs":false,"slider_thumbs":false},"uagb_author_info":{"display_name":"Cristian Arrey","author_link":"https:\/\/www.hbvaldivia.cl\/portal\/index.php\/author\/cristian-arrey\/"},"uagb_comment_info":0,"uagb_excerpt":"Proceso de Selecci\u00f3n Interno Esta secci\u00f3n est\u00e1 destinada para procesos de selecci\u00f3n interno local, es decir aquellos postulantes que se encuentran desempe\u00f1ando funciones en el Hospital base de Valdivia o procesos de selecci\u00f3n interno a la red del servicio de salud los r\u00edos, postulantes que se encuentren desempe\u00f1ando funciones en alguna instituci\u00f3n que dependa del&hellip;","_links":{"self":[{"href":"https:\/\/www.hbvaldivia.cl\/portal\/index.php\/wp-json\/wp\/v2\/pages\/9495","targetHints":{"allow":["GET"]}}],"collection":[{"href":"https:\/\/www.hbvaldivia.cl\/portal\/index.php\/wp-json\/wp\/v2\/pages"}],"about":[{"href":"https:\/\/www.hbvaldivia.cl\/portal\/index.php\/wp-json\/wp\/v2\/types\/page"}],"author":[{"embeddable":true,"href":"https:\/\/www.hbvaldivia.cl\/portal\/index.php\/wp-json\/wp\/v2\/users\/10"}],"replies":[{"embeddable":true,"href":"https:\/\/www.hbvaldivia.cl\/portal\/index.php\/wp-json\/wp\/v2\/comments?post=9495"}],"version-history":[{"count":94,"href":"https:\/\/www.hbvaldivia.cl\/portal\/index.php\/wp-json\/wp\/v2\/pages\/9495\/revisions"}],"predecessor-version":[{"id":10070,"href":"https:\/\/www.hbvaldivia.cl\/portal\/index.php\/wp-json\/wp\/v2\/pages\/9495\/revisions\/10070"}],"wp:attachment":[{"href":"https:\/\/www.hbvaldivia.cl\/portal\/index.php\/wp-json\/wp\/v2\/media?parent=9495"}],"curies":[{"name":"wp","href":"https:\/\/api.w.org\/{rel}","templated":true}]}}