{"id":9439,"date":"2025-09-05T10:37:05","date_gmt":"2025-09-05T13:37:05","guid":{"rendered":"http:\/\/10.6.206.88\/portal\/?page_id=9439"},"modified":"2025-09-05T10:54:50","modified_gmt":"2025-09-05T13:54:50","slug":"cuentas-publicas","status":"publish","type":"page","link":"https:\/\/www.hbvaldivia.cl\/portal\/index.php\/cuentas-publicas\/","title":{"rendered":""},"content":{"rendered":"\t\t<div data-elementor-type=\"wp-page\" data-elementor-id=\"9439\" class=\"elementor elementor-9439\">\n\t\t\t\t\t\t<section class=\"elementor-section elementor-top-section elementor-element elementor-element-4f51765 elementor-section-boxed elementor-section-height-default elementor-section-height-default\" data-id=\"4f51765\" data-element_type=\"section\">\n\t\t\t\t\t\t<div class=\"elementor-container elementor-column-gap-default\">\n\t\t\t\t\t<div class=\"elementor-column elementor-col-100 elementor-top-column elementor-element elementor-element-e3c5182\" data-id=\"e3c5182\" data-element_type=\"column\">\n\t\t\t<div class=\"elementor-widget-wrap elementor-element-populated\">\n\t\t\t\t\t\t<div class=\"elementor-element elementor-element-d6c8b6a elementor-widget elementor-widget-image\" data-id=\"d6c8b6a\" data-element_type=\"widget\" data-widget_type=\"image.default\">\n\t\t\t\t<div class=\"elementor-widget-container\">\n\t\t\t\t\t\t\t\t\t\t\t\t\t\t\t<img decoding=\"async\" src=\"https:\/\/www.hbvaldivia.cl\/portal\/wp-content\/uploads\/2025\/12\/cntas.png\" title=\"\" alt=\"\" loading=\"lazy\" \/>\t\t\t\t\t\t\t\t\t\t\t\t\t\t\t<\/div>\n\t\t\t\t<\/div>\n\t\t\t\t\t<\/div>\n\t\t<\/div>\n\t\t\t\t\t<\/div>\n\t\t<\/section>\n\t\t\t\t<section class=\"elementor-section elementor-top-section elementor-element elementor-element-b642105 elementor-section-boxed elementor-section-height-default elementor-section-height-default\" data-id=\"b642105\" data-element_type=\"section\">\n\t\t\t\t\t\t<div class=\"elementor-container elementor-column-gap-default\">\n\t\t\t\t\t<div class=\"elementor-column elementor-col-100 elementor-top-column elementor-element elementor-element-dd62994\" data-id=\"dd62994\" data-element_type=\"column\">\n\t\t\t<div class=\"elementor-widget-wrap elementor-element-populated\">\n\t\t\t\t\t\t<div class=\"elementor-element elementor-element-e08d5ab elementor-widget elementor-widget-html\" data-id=\"e08d5ab\" data-element_type=\"widget\" data-widget_type=\"html.default\">\n\t\t\t\t<div class=\"elementor-widget-container\">\n\t\t\t\t\t\r\n<!DOCTYPE html>\r\n<html lang=\"es\">\r\n<head>\r\n    <meta charset=\"UTF-8\">\r\n    <meta name=\"viewport\" content=\"width=device-width, initial-scale=1.0\">\r\n    <title>Cuentas P\u00fablicas<\/title>\r\n    <link href=\"https:\/\/cdn.jsdelivr.net\/npm\/bootstrap@5.3.0\/dist\/css\/bootstrap.min.css\" rel=\"stylesheet\">\r\n    <style>\r\n        \r\n    body{ \r\n        background-color: #E6E6E6 !important; \r\n    }\r\n    .cortina-container {\r\n        position: relative;\r\n        overflow: hidden;\r\n        border-radius: 10px;\r\n        box-shadow: 0 4px 10px rgba(0,0,0,0.1);\r\n        cursor: pointer;\r\n        max-width: 450px;\r\n        margin: auto;\r\n    }\r\n    .cortina-img {\r\n        width: 100%;\r\n        height: 130px;\r\n        object-fit: cover;\r\n        transition: transform 0.4s ease;\r\n    }\r\n    .cortina-container:hover .cortina-img {\r\n        transform: scale(1.05);\r\n    }\r\n    .cortina-overlay {\r\n        position: absolute;\r\n        top: 100%;\r\n        left: 0;\r\n        width: 100%;\r\n        height: 100%;\r\n        background: rgba(0, 51, 102, 0.85);\r\n        color: white;\r\n        padding: 15px;\r\n        display: flex;\r\n        flex-direction: column;\r\n        justify-content: center;\r\n        align-items: center;\r\n        text-align: center;\r\n        transition: top 0.4s ease;\r\n    }\r\n    .cortina-container:hover .cortina-overlay {\r\n        top: 0;\r\n    }\r\n    .cortina-overlay h5 {\r\n        font-weight: bold;\r\n        margin-bottom: 5px;\r\n    }\r\n\r\n    @media (max-width: 576px) {\r\n        .cortina-img {\r\n            height: 180px;\r\n        }\r\n    }\r\n    <\/style>\r\n<\/head>\r\n<body>\r\n\r\n<div class=\"container my-5\">\r\n\r\n\t\r\n    <div class=\"mb-4 cortina-container\">\r\n        <img decoding=\"async\" src=\"https:\/\/www.hbvaldivia.cl\/portal\/wp-content\/uploads\/2025\/12\/BANNERS-CUENTAS-PUBLICAS\/CTA-PUBLICA-2020.png\"\r\n             alt=\"Cuenta P\u00fablica 2020\" class=\"cortina-img\">\r\n        <div class=\"cortina-overlay\">\r\n            <h5>Cuenta P\u00fablica 2020<\/h5>\r\n            <a href=\"https:\/\/www.hbvaldivia.cl\/portal\/wp-content\/uploads\/2021\/10\/CUENTA_PUBLICA_2021.pdf\" \r\n               class=\"btn btn-outline-light btn-sm mb-2\">Ver archivo<\/a>\r\n\t\t\t<a href=\"https:\/\/www.youtube.com\/watch?v=zgffoemKPk0\" \r\n               class=\"btn btn-light btn-sm\">Ver video<\/a>\r\n        <\/div>\r\n    <\/div>\r\n\t\r\n\t\r\n    <div class=\"mb-4 cortina-container\">\r\n        <img decoding=\"async\" src=\"https:\/\/www.hbvaldivia.cl\/portal\/wp-content\/uploads\/2025\/12\/BANNERS-CUENTAS-PUBLICAS\/CTA-PUBLICA-2021.png\"\r\n             alt=\"Cuenta P\u00fablica 2021\" class=\"cortina-img\">\r\n        <div class=\"cortina-overlay\">\r\n            <h5>Cuenta P\u00fablica 2021<\/h5>\r\n            <a href=\"https:\/\/drive.google.com\/file\/d\/1Jh89lCuScNsP-dMK1Eu09HRhdVRa4PCb\/view?usp=sharing\" \r\n               class=\"btn btn-outline-light btn-sm mb-2\">Ver archivo<\/a>\r\n\t\t\t<a href=\"https:\/\/drive.google.com\/file\/d\/15lNUWpjmvsahz9IPhIwoH7m2Cy5CeAar\/view?usp=sharing\" \r\n               class=\"btn btn-light btn-sm\">Ver video<\/a>\r\n        <\/div>\r\n    <\/div>\r\n\t\r\n\t\r\n    <div class=\"mb-4 cortina-container\">\r\n        <img decoding=\"async\" src=\"https:\/\/www.hbvaldivia.cl\/portal\/wp-content\/uploads\/2025\/12\/BANNERS-CUENTAS-PUBLICAS\/CTA-PUBLICA-2022.png\"\r\n             alt=\"Cuenta P\u00fablica 2022\" class=\"cortina-img\">\r\n        <div class=\"cortina-overlay\">\r\n            <h5>Cuenta P\u00fablica 2022<\/h5>\r\n            <a href=\"https:\/\/www.hbvaldivia.cl\/portal\/wp-content\/uploads\/2023\/11\/cuenta-publica-2022.pdf\" \r\n               class=\"btn btn-outline-light btn-sm mb-2\">Ver archivo<\/a>\r\n\t\t\t<a href=\"https:\/\/www.hbvaldivia.cl\/portal\/wp-content\/uploads\/2023\/11\/cuenta-publica-2022.mp4\" \r\n               class=\"btn btn-light btn-sm\">Ver video<\/a>\r\n        <\/div>\r\n    <\/div>\r\n\t\r\n\t\r\n    <div class=\"mb-4 cortina-container\">\r\n        <img decoding=\"async\" src=\"https:\/\/www.hbvaldivia.cl\/portal\/wp-content\/uploads\/2025\/12\/BANNERS-CUENTAS-PUBLICAS\/CTA-PUBLICA-2023.png\" \r\n             alt=\"Cuenta P\u00fablica 2023\" class=\"cortina-img\">\r\n        <div class=\"cortina-overlay\">\r\n            <h5>Cuenta P\u00fablica 2023<\/h5>\r\n            <a href=\"https:\/\/www.hbvaldivia.cl\/portal\/wp-content\/uploads\/2024\/11\/cuenta_publica_hbv_2023.pdf\"\r\n               class=\"btn btn-outline-light btn-sm\">Ver archivo<\/a>\r\n        <\/div>\r\n    <\/div>\r\n\t\r\n\t\r\n    <div class=\"mb-4 cortina-container\">\r\n        <img decoding=\"async\" src=\"https:\/\/www.hbvaldivia.cl\/portal\/wp-content\/uploads\/2025\/12\/BANNERS-CUENTAS-PUBLICAS\/CTA-PUBLICA-2024.png\" \r\n             alt=\"Cuenta P\u00fablica 2024\" class=\"cortina-img\">\r\n        <div class=\"cortina-overlay\">\r\n            <h5>Cuenta P\u00fablica 2024<\/h5>\r\n            <a href=\"https:\/\/www.hbvaldivia.cl\/cp\/2025\/cuenta_publica_2025_hbv.pdf\" \r\n               class=\"btn btn-outline-light btn-sm\">Ver archivo<\/a>\r\n        <\/div>\r\n    <\/div>\r\n<\/div>\r\n\r\n<script src=\"https:\/\/cdn.jsdelivr.net\/npm\/bootstrap@5.3.0\/dist\/js\/bootstrap.bundle.min.js\"><\/script>\r\n<\/body>\r\n<\/html>\r\n\t\t\t\t<\/div>\n\t\t\t\t<\/div>\n\t\t\t\t\t<\/div>\n\t\t<\/div>\n\t\t\t\t\t<\/div>\n\t\t<\/section>\n\t\t\t\t<\/div>\n\t\t","protected":false},"excerpt":{"rendered":"<p>Cuentas P\u00fablicas Cuenta P\u00fablica 2020 Ver archivo Ver video Cuenta P\u00fablica 2021 Ver archivo Ver video Cuenta P\u00fablica 2022 Ver archivo Ver video Cuenta P\u00fablica 2023 Ver archivo Cuenta P\u00fablica 2024 Ver archivo<\/p>\n","protected":false},"author":10,"featured_media":0,"parent":0,"menu_order":0,"comment_status":"closed","ping_status":"closed","template":"","meta":{"_acf_changed":false,"_uag_custom_page_level_css":"","footnotes":""},"class_list":["post-9439","page","type-page","status-publish","hentry"],"acf":[],"uagb_featured_image_src":{"full":false,"thumbnail":false,"medium":false,"medium_large":false,"large":false,"1536x1536":false,"2048x2048":false,"list_articles_thumbs":false,"slider_thumbs":false},"uagb_author_info":{"display_name":"Cristian Arrey","author_link":"https:\/\/www.hbvaldivia.cl\/portal\/index.php\/author\/cristian-arrey\/"},"uagb_comment_info":0,"uagb_excerpt":"Cuentas P\u00fablicas Cuenta P\u00fablica 2020 Ver archivo Ver video Cuenta P\u00fablica 2021 Ver archivo Ver video Cuenta P\u00fablica 2022 Ver archivo Ver video Cuenta P\u00fablica 2023 Ver archivo Cuenta P\u00fablica 2024 Ver archivo","_links":{"self":[{"href":"https:\/\/www.hbvaldivia.cl\/portal\/index.php\/wp-json\/wp\/v2\/pages\/9439","targetHints":{"allow":["GET"]}}],"collection":[{"href":"https:\/\/www.hbvaldivia.cl\/portal\/index.php\/wp-json\/wp\/v2\/pages"}],"about":[{"href":"https:\/\/www.hbvaldivia.cl\/portal\/index.php\/wp-json\/wp\/v2\/types\/page"}],"author":[{"embeddable":true,"href":"https:\/\/www.hbvaldivia.cl\/portal\/index.php\/wp-json\/wp\/v2\/users\/10"}],"replies":[{"embeddable":true,"href":"https:\/\/www.hbvaldivia.cl\/portal\/index.php\/wp-json\/wp\/v2\/comments?post=9439"}],"version-history":[{"count":28,"href":"https:\/\/www.hbvaldivia.cl\/portal\/index.php\/wp-json\/wp\/v2\/pages\/9439\/revisions"}],"predecessor-version":[{"id":9470,"href":"https:\/\/www.hbvaldivia.cl\/portal\/index.php\/wp-json\/wp\/v2\/pages\/9439\/revisions\/9470"}],"wp:attachment":[{"href":"https:\/\/www.hbvaldivia.cl\/portal\/index.php\/wp-json\/wp\/v2\/media?parent=9439"}],"curies":[{"name":"wp","href":"https:\/\/api.w.org\/{rel}","templated":true}]}}